 - 103. Let l(k) = 5*r(k) + 6*y(k). Give l(-8).
7
Suppose 27 = -3*r - 51. Let v = r - -23. Let i(u) = 112 - 447 + 115 + 3*u + 108 + 116. Determine i(v).
-5
Suppose 108 = -15*t + 21*t. Let o(u) = -19 + t - 5*u**3 - u + u**2 - 3*u**2 + 3*u**2. Let w be (-3)/2 - 1/(-2). Determine o(w).
6
Let u(k) = -k**3 + 10*k**2 - 9*k + 9. Let v(m) = 5*m + 7. Let c be v(-8). Let h = c - -51. Suppose 4*z - h = 2*z. Calculate u(z).
9
Suppose -3*c + 4*b + 55 - 38 = 0, c + 4*b = 11. Let s(g) = g**2 - 7*g + 7. Calculate s(c).
7
Let n(o) = 279*o - 54. Let m(x) = 467*x - 109. Let y(t) = -3*m(t) + 5*n(t). Give y(18).
-51
Let k(p) = 4*p + 2*p**2 - 444 + 446 + 0*p**2 - p**2 + 6*p. Calculate k(-6).
-22
Suppose 5*b + 4*s - 10 = 0, -4*s - 9 = -4*b - 1. Let m(l) = 24 - 4*l + 12*l**b + 6*l + l**3 - l - 8. Calculate m(-12).
4
Suppose 3*w + 18 = 2*a, -5*w + 246*a - 248*a - 78 = 0. Let n(p) = -28*p - 341. Calculate n(w).
-5
Suppose 1338*q - 1359*q = 21. Let v(g) = -9*g. Give v(q).
9
Let p(b) = b**2 + 8*b + 17. Suppose 150*w = -344 - 706. What is p(w)?
10
Suppose 2*o + 2 - 22 = 0. Let y be 0*1*(-5)/o. Let q(u) = -84 + 18 - u + 25 + 22 + 28. What is q(y)?
9
Suppose 3*a + 6 = 0, 6 = p + 4*a + 12. Let m(c) = -2*c + 2 - 281*c**3 + c**p + 278*c**3 + 0 + 0*c**2. Determine m(2).
-22
Let q(r) = -11*r**2 - 22*r - 3. Let y = -275 - -270. Let x(l) = 8*l**2 + 15*l + 2. Let b(f) = y*q(f) - 7*x(f). Determine b(6).
-5
Let y = -63 - -24. Let x = y - -40. Let i(m) = 9*m**2 - 1. Let s(v) = -8*v**2 + 1. Let d(a) = 3*i(a) + 4*s(a). Determine d(x).
-4
Let r(t) = 2*t**2 + 762*t + 2. Let n be r(0). Let h(a) = -a. Let j(z) = -8*z. Let u(y) = -y + 2. Let s be u(3). Let w(k) = s*j(k) + 3*h(k). Calculate w(n).
10
Let u(k) = -5*k**3 - 62*k**2 + 35*k - 41. Let a be u(-13). Let j(b) = -2*b**2 + 14*b - 16. Give j(a).
-104
Suppose 12*u + 38 = 2. Let c(f) = -17*f - 6. Give c(u).
45
Let u(r) = 4 - 2*r + 0*r + 1. Let l be ((-140)/(-25) + -6)/(1/15). Let i(s) = -s**3 - 3*s**2 + 19*s + 11. Let c be i(l). What is u(c)?
-5
Let x(h) be the first derivative of 5*h**3/3 + 207*h**2/2 - 129*h + 9421. What is x(-42)?
-3
Let h be 404/20 - (1 - (-4)/(-5)). Let b(q) = q**2 - 18*q - 35. Let u be b(h). Let g(f) = f**3 - 5*f**2 - 2*f - 2. Determine g(u).
-12
Let s(x) = 252483 + 10*x + 4*x - 252483. Let p be ((-2)/(3 + -1))/(-1). Determine s(p).
14
Let n(k) be the first derivative of k**7/840 - k**6/180 + k**5/120 - k**4/8 - 5*k**3/3 + k - 302. Let y(q) be the third derivative of n(q). Give y(3).
9
Let a(l) = l**3 - 7*l**2 - 11*l + 10. Suppose 0 = -17*v + 27*v - 90. Let p be v/(-21) - 59/(-7). What is a(p)?
-14
Let o(m) = -4*m - 129 + 101 + 2*m. Suppose -147 = 11*v + 18. Determine o(v).
2
Let l(h) = 10*h**3 - h**2 - 54*h + 19. Let m(p) = p**3 - 6*p + 1. Let d(a) = l(a) - 9*m(a). What is d(-2)?
-2
Suppose 6 - 2 = -169*x + 4. Let l(h) = 2*h**2 - h - 8. What is l(x)?
-8
Suppose 0 = -3*a + 6*b - 4*b - 13, -2*a = -b + 7. Let u be 0/(a/3*3). Suppose 2*h + 0*h - 32 = 5*t, -h + t + 10 = u. Let z(n) = -n + 2. Determine z(h).
-4
Suppose -8 = -3*o - g, -2*o - 5*g - 8 + 9 = 0. Suppose -o*d - 5*r = -8, -6 = 4*d - 2*r + 18. Let j(k) = k**3 + 4*k**2 - 3*k. Determine j(d).
12
Let r = -36 + 45. Let q(v) = 8*v - 6*v - 2*v - 2*v - 3 - 1. Calculate q(r).
-22
Let n be ((-6)/(-4))/(5/60*9). Let z(h) = -h**3 + 2*h**2 + 2*h - 4. Let m be z(n). Let r(j) = j + 18. Determine r(m).
18
Let r(g) be the second derivative of 4*g**3/3 + 7*g**2/2 + 51*g - 2. Let l(u) = -u. Let o(q) = -6*l(q) - r(q). Give o(6).
-19
Let h(v) be the second derivative of -v**5/20 - 5*v**4/12 + 11*v**3/3 + 49*v**2/2 + 65*v. What is h(-7)?
-7
Let d(y) = 18*y - 14. Let t be (-36 - (-11562)/329)/(3/14). Calculate d(t).
-86
Let g(a) be the second derivative of 2*a**3/3 - 5*a**2/2 - 2744*a. Suppose 5*u - 4*u = 0. Let n = -4 - u. Give g(n).
-21
Let v be -553 + 574 - 18/1. Let x(t) = 3*t**3 + 3*t**2 - 4*t - 1. Let o(g) = -g**3. Let h(s) = -4*o(s) - x(s). Calculate h(v).
13
Suppose 0 = -3*d + 5*g + 21, 0 = 4*d + 20*g - 15*g + 7. Let r(m) = -339 + 174 + 174 - d*m. Give r(0).
9
Suppose 4*g = -20, 9*f + 2*g + 20 = 4*f. Let n(y) = y**3 - 5*y - 2. What is n(f)?
0
Let i(b) = -b**3 + 195 - 375 - b + 182. Let j be 1 + (0 - -2) + 0. Suppose -j*k + 4*k = 0. Give i(k).
2
Suppose 3*y = 4*y - 25. Let m be (15/(-25))/((-5)/y). Suppose 0*p = m*p + 9. Let j(t) = -t**3 - 3*t**2 - 2. Give j(p).
-2
Let y(n) = -3*n + 1. Let r be y(-2). Let t(h) = h**3 + 4*h**2 - 2*h - 3. Let i be t(-1). Suppose i*u = -5*u + r. Let k(q) = -6*q**2 + q. Determine k(u).
-5
Suppose 7*g - 4*g = 0. Suppose 2*i - 11*j = -15*j - 8, 5*i - j + 20 = 0. Let o be (g + (i - -2) - -1)/1. Let y(w) = -9*w**2 - w - 1. What is y(o)?
-9
Let x(g) be the second derivative of g**4/12 - 11*g**3/6 + 6*g**2 + 646*g - 4. What is x(4)?
-16
Let o(y) = -2*y**2 - 30*y - 14. Let i(s) = 69*s - 773. Let f be i(11). Determine o(f).
14
Suppose -61 = -4*t + 3. Let f(w) = -33*w + 2*w**2 + 39*w + t - 16. Calculate f(-4).
8
Let p(s) = -575*s - 9815 - 8*s**2 + 578*s + s**3 + 9807. What is p(7)?
-36
Let r(j) = -j + 3. Let c be r(5). Let x(n) = 4*n - 11. Let y be x(2). Let h(z) = -z. Let u(a) = 4*a. Let o(t) = y*h(t) - u(t). What is o(c)?
2
Let r(w) be the second derivative of w**5/20 + w**4/3 + 4*w**2 + 3181*w. Give r(-5).
-17
Let v be (-6)/(-8)*(-344)/(-301)*7. Let r(l) = 8*l**2 - 5*l**2 - v*l**2 + 0*l**2 - 6*l**2. What is r(-1)?
-9
Suppose 5*b = m + 6, -m = -3*b + 6 - 4. Let y(g) = 14*g + 12*g + 2*g - 26*g - b*g**2. Determine y(3).
-12
Let q(c) = -c**2 + c + 1. Let f(i) = 9*i**2 + 44*i - 46*i - 2*i**2 - 13 + 3. Let v(w) = f(w) + 6*q(w). Suppose 5*y + 5 = -5*d, 5*y - 11 = d + 2. Calculate v(d).
-7
Suppose 2*x - 2*n = 5 + 5, 0 = -x - 2*n - 10. Suppose 0 = 3*s + 9 - x. Let a(j) be the first derivative of -j**3/3 + j**2 + 4*j + 128. Determine a(s).
-11
Let a(o) = o**3 + 10*o**2 + 11*o - 2. Suppose 0 = -3*w + 5*w - 3*s - 92, -20 = 5*s. Suppose -8*n - w = 32. Determine a(n).
-20
Let h(q) be the first derivative of q**6/360 - q**5/20 + q**4/12 - 97*q**3/3 - 28. Let v(x) be the third derivative of h(x). What is v(7)?
9
Let c(a) = -7*a + 5. Let i(w) = -19*w + 14. Suppose -4*d = 5*x - 37, -2*d - 3*d = -4*x - 36. Let k(p) = d*c(p) - 3*i(p). Calculate k(7).
5
Let p(h) = 49 - 12*h - 8*h - 63 + 14*h. What is p(-2)?
-2
Let g(x) be the first derivative of -20*x**2 - 36*x + 6721. What is g(-1)?
4
Let j(q) = q - 10. Let a(v) be the second derivative of 2*v**3/3 - v**2 + 2*v - 40. Let f be a(3). Give j(f).
0
Let q(g) = -2*g**2 - 11*g + 14. Let a be q(-6). Suppose a*w - 9 = 23. Let f(t) = 7*t**2 + 7*t - 7*t + 5 + w - t**3 + 6*t. Calculate f(8).
-7
Let v(f) be the first derivative of -3*f**2 - 33*f - 618. Determine v(-7).
9
Let v(y) be the first derivative of y**4/4 + 20*y**3/3 + 17*y**2/2 - 25*y - 5427. What is v(-19)?
13
Let k(c) = 263*c - 1 - 534*c - c**2 + 256*c. Calculate k(-15).
-1
Suppose 19 + 21 = 8*c. Let r(a) be the second derivative of -1/6*a**3 + 11/2*a**2 + 0 - 8*a. Calculate r(c).
6
Let v(q) = -q + 1. Let y(m) = -113 + 54 - 12*m + 66. Let k(i) = 3*v(i) - y(i). What is k(6)?
50
Let w be (-256)/(-7) + 15/35. Let p(d) = 5*d - 179. Calculate p(w).
6
Let g(r) be the second derivative of -r**4/4 - r**3/2 - r**2/2 + r. Suppose k - y = -7, 2*y + 368 = 3*k + 384. What is g(k)?
-7
Let v(b) = -b**2 - 23*b - 10. Let r = 4489 - 4511. What is v(r)?
12
Let q(r) = -23*r**2 + 4*r - 9. Let l be q(-6). Let i = -856 - l. Let b(v) = -v**3 + 6*v**2 + 2*v - 1. What is b(i)?
34
Let j(b) = -3*b**3 - 10*b**2 - 7*b. Let k(r) = r**3 + 1. Let z be (16/20)/(2/(-5)). Let t(n) = z*k(n) - j(n). Determine t(-9).
16
Let d(a) = 12*a + 117. Let k(w) = 13*w + 140. Let z(s) = 6*d(s) - 5*k(s). Calculate z(13).
93
Let r(a) = 91*a - 1914. Let u be r(21). Let w(s) = -4*s**2 - 19*s - 11. Calculate w(u).
10
Suppose 60084 = -4*j + 60092. Let g = -6 + 10. Let a(o) = -5*o - g + 0 + 5 - 3. What is a(j)?
-12
Let d(j) = 8*j**3 + 2*j**2 + j. Suppose -z + 169 + 234 = -3*a, 4*a = z - 403. Let w = z + -404. What is d(w)?
-7
Let n = -27 + 106. Let m = n + -77. Let g be (-30)/42 + m/(-7). Let u(r) = -r**2 + 1. Determine u(g).
0
Let x(l) = -5*l + 10. Let m(z) = 227*z - 231*z + 3 + 7. Let d be (-14)/(-3) - 2/(-6). Let n(r) = d*x(r) - 6*m(r). Determine n(-7).
-3
Let z(t) = -t**2 + 5*t + 3. Let s be z(3). Let i(c) = -982*c + 330*c 